{"id":1162,"date":"2022-02-23T17:23:12","date_gmt":"2022-02-23T17:23:12","guid":{"rendered":"https:\/\/universidaddelaltiplano.com\/uda\/?page_id=1162"},"modified":"2022-02-24T19:38:34","modified_gmt":"2022-02-24T19:38:34","slug":"antecedentes","status":"publish","type":"page","link":"https:\/\/universidaddelaltiplano.com\/uda\/antecedentes\/","title":{"rendered":"Antecedentes"},"content":{"rendered":"\t\t<div data-elementor-type=\"wp-page\" data-elementor-id=\"1162\" class=\"elementor elementor-1162\" data-elementor-post-type=\"page\">\n\t\t\t\t\t\t<section class=\"elementor-section elementor-top-section elementor-element elementor-element-c50adde elementor-section-boxed elementor-section-height-default elementor-section-height-default\" data-id=\"c50adde\" data-element_type=\"section\">\n\t\t\t\t\t\t<div class=\"elementor-container elementor-column-gap-default\">\n\t\t\t\t\t<div class=\"elementor-column elementor-col-100 elementor-top-column elementor-element elementor-element-d940cc1\" data-id=\"d940cc1\" data-element_type=\"column\">\n\t\t\t<div class=\"elementor-widget-wrap elementor-element-populated\">\n\t\t\t\t\t\t<div class=\"elementor-element elementor-element-83a4023 elementor-widget elementor-widget-image\" data-id=\"83a4023\" data-element_type=\"widget\" data-widget_type=\"image.default\">\n\t\t\t\t<div class=\"elementor-widget-container\">\n\t\t\t\t\t\t\t\t\t\t\t\t\t<img fetchpriority=\"high\" decoding=\"async\" width=\"800\" height=\"183\" src=\"https:\/\/universidaddelaltiplano.com\/uda\/wp-content\/uploads\/2022\/02\/Sustentabilidad-1-1024x234.png\" class=\"attachment-large size-large wp-image-1225\" alt=\"\" srcset=\"https:\/\/universidaddelaltiplano.com\/uda\/wp-content\/uploads\/2022\/02\/Sustentabilidad-1-1024x234.png 1024w, https:\/\/universidaddelaltiplano.com\/uda\/wp-content\/uploads\/2022\/02\/Sustentabilidad-1-300x69.png 300w, https:\/\/universidaddelaltiplano.com\/uda\/wp-content\/uploads\/2022\/02\/Sustentabilidad-1-768x176.png 768w, https:\/\/universidaddelaltiplano.com\/uda\/wp-content\/uploads\/2022\/02\/Sustentabilidad-1-1536x352.png 1536w, https:\/\/universidaddelaltiplano.com\/uda\/wp-content\/uploads\/2022\/02\/Sustentabilidad-1.png 2010w\" sizes=\"(max-width: 800px) 100vw, 800px\" \/>\t\t\t\t\t\t\t\t\t\t\t\t\t<\/div>\n\t\t\t\t<\/div>\n\t\t\t\t\t<\/div>\n\t\t<\/div>\n\t\t\t\t\t<\/div>\n\t\t<\/section>\n\t\t\t\t<section class=\"elementor-section elementor-top-section elementor-element elementor-element-de4cc9d elementor-section-boxed elementor-section-height-default elementor-section-height-default\" data-id=\"de4cc9d\" data-element_type=\"section\">\n\t\t\t\t\t\t<div class=\"elementor-container elementor-column-gap-default\">\n\t\t\t\t\t<div class=\"elementor-column elementor-col-33 elementor-top-column elementor-element elementor-element-4ee5f31\" data-id=\"4ee5f31\" data-element_type=\"column\">\n\t\t\t<div class=\"elementor-widget-wrap elementor-element-populated\">\n\t\t\t\t\t\t<div class=\"elementor-element elementor-element-3d3ced5 elementor-align-center elementor-widget elementor-widget-button\" data-id=\"3d3ced5\" data-element_type=\"widget\" data-widget_type=\"button.default\">\n\t\t\t\t<div class=\"elementor-widget-container\">\n\t\t\t\t\t<div class=\"elementor-button-wrapper\">\n\t\t\t<a class=\"elementor-button elementor-button-link elementor-size-sm\" href=\"https:\/\/universidaddelaltiplano.com\/uda\/acciones\/\">\n\t\t\t\t\t\t<span class=\"elementor-button-content-wrapper\">\n\t\t\t\t\t\t<span class=\"elementor-button-text\">Acciones<\/span>\n\t\t<\/span>\n\t\t\t\t\t<\/a>\n\t\t<\/div>\n\t\t\t\t<\/div>\n\t\t\t\t<\/div>\n\t\t\t\t\t<\/div>\n\t\t<\/div>\n\t\t\t\t<div class=\"elementor-column elementor-col-33 elementor-top-column elementor-element elementor-element-4a176e7\" data-id=\"4a176e7\" data-element_type=\"column\">\n\t\t\t<div class=\"elementor-widget-wrap elementor-element-populated\">\n\t\t\t\t\t\t<div class=\"elementor-element elementor-element-034edee elementor-align-center elementor-widget elementor-widget-button\" data-id=\"034edee\" data-element_type=\"widget\" data-widget_type=\"button.default\">\n\t\t\t\t<div class=\"elementor-widget-container\">\n\t\t\t\t\t<div class=\"elementor-button-wrapper\">\n\t\t\t<a class=\"elementor-button elementor-button-link elementor-size-sm\" href=\"https:\/\/universidaddelaltiplano.com\/uda\/calendario-sustentable\/\">\n\t\t\t\t\t\t<span class=\"elementor-button-content-wrapper\">\n\t\t\t\t\t\t<span class=\"elementor-button-text\">Calendario Sustentable<\/span>\n\t\t<\/span>\n\t\t\t\t\t<\/a>\n\t\t<\/div>\n\t\t\t\t<\/div>\n\t\t\t\t<\/div>\n\t\t\t\t\t<\/div>\n\t\t<\/div>\n\t\t\t\t<div class=\"elementor-column elementor-col-33 elementor-top-column elementor-element elementor-element-3e7c689\" data-id=\"3e7c689\" data-element_type=\"column\">\n\t\t\t<div class=\"elementor-widget-wrap elementor-element-populated\">\n\t\t\t\t\t\t<div class=\"elementor-element elementor-element-090ff86 elementor-align-center elementor-widget elementor-widget-button\" data-id=\"090ff86\" data-element_type=\"widget\" data-widget_type=\"button.default\">\n\t\t\t\t<div class=\"elementor-widget-container\">\n\t\t\t\t\t<div class=\"elementor-button-wrapper\">\n\t\t\t<a class=\"elementor-button elementor-button-link elementor-size-sm\" href=\"https:\/\/universidaddelaltiplano.com\/uda\/proyectos\/\">\n\t\t\t\t\t\t<span class=\"elementor-button-content-wrapper\">\n\t\t\t\t\t\t<span class=\"elementor-button-text\">Proyectos<\/span>\n\t\t<\/span>\n\t\t\t\t\t<\/a>\n\t\t<\/div>\n\t\t\t\t<\/div>\n\t\t\t\t<\/div>\n\t\t\t\t\t<\/div>\n\t\t<\/div>\n\t\t\t\t\t<\/div>\n\t\t<\/section>\n\t\t\t\t<section class=\"elementor-section elementor-top-section elementor-element elementor-element-3d271a2 elementor-section-boxed elementor-section-height-default elementor-section-height-default\" data-id=\"3d271a2\" data-element_type=\"section\">\n\t\t\t\t\t\t<div class=\"elementor-container elementor-column-gap-default\">\n\t\t\t\t\t<div class=\"elementor-column elementor-col-100 elementor-top-column elementor-element elementor-element-2fd34b0\" data-id=\"2fd34b0\" data-element_type=\"column\">\n\t\t\t<div class=\"elementor-widget-wrap elementor-element-populated\">\n\t\t\t\t\t\t<div class=\"elementor-element elementor-element-1e62b81 elementor-widget elementor-widget-heading\" data-id=\"1e62b81\" data-element_type=\"widget\" data-widget_type=\"heading.default\">\n\t\t\t\t<div class=\"elementor-widget-container\">\n\t\t\t<h2 class=\"elementor-heading-title elementor-size-default\">Antecedentes<\/h2>\t\t<\/div>\n\t\t\t\t<\/div>\n\t\t\t\t\t<\/div>\n\t\t<\/div>\n\t\t\t\t\t<\/div>\n\t\t<\/section>\n\t\t\t\t<section class=\"elementor-section elementor-top-section elementor-element elementor-element-f6b7b4e elementor-section-boxed elementor-section-height-default elementor-section-height-default\" data-id=\"f6b7b4e\" data-element_type=\"section\">\n\t\t\t\t\t\t<div class=\"elementor-container elementor-column-gap-default\">\n\t\t\t\t\t<div class=\"elementor-column elementor-col-100 elementor-top-column elementor-element elementor-element-ac2262e\" data-id=\"ac2262e\" data-element_type=\"column\">\n\t\t\t<div class=\"elementor-widget-wrap elementor-element-populated\">\n\t\t\t\t\t\t<div class=\"elementor-element elementor-element-0ba524a elementor-widget elementor-widget-text-editor\" data-id=\"0ba524a\" data-element_type=\"widget\" data-widget_type=\"text-editor.default\">\n\t\t\t\t<div class=\"elementor-widget-container\">\n\t\t\t\t\t\t\t<p>La incompatibilidad del sistema econ\u00f3mico tradicional con el equilibrio de los ecosistemas, ha tra\u00eddo graves problemas de degradaci\u00f3n del ambiente natural como contaminaci\u00f3n de aire, suelo y agua, p\u00e9rdida de biodiversidad, deforestaci\u00f3n, entre otros. A esta incompatibilidad, se le suman los problemas sociales que continuamente se van exacerbando como p\u00e9rdida de valores, desigualdad social, p\u00e9rdida de equidad y justicia social, p\u00e9rdida de identidad, discriminaci\u00f3n, crecimiento demogr\u00e1fico, etc., minando as\u00ed el ambiente social en el que nos desarrollamos. En el aspecto econ\u00f3mico, la ineficiente utilizaci\u00f3n de los recursos naturales, t\u00e9cnicos y financieros; la p\u00e9rdida de soberan\u00eda y seguridad alimentaria y energ\u00e9tica, ponen a la sociedad en un grave problema de indefensi\u00f3n. Todo esto nos lleva al deterioro de la calidad de vida del ser humano y que los dem\u00e1s seres vivos se vean amenazados a tal grado que, en la actualidad se presentan altos porcentajes de desaparici\u00f3n de algunas especies de nuestro planeta. A pesar de la situaci\u00f3n antes mencionada, todav\u00eda es posible hacerle frente si se toman las medidas urgentes y adecuadas en el \u00e1mbito cient\u00edfico, educativo, tecnol\u00f3gico, pol\u00edtico y econ\u00f3mico; y si se genera tambi\u00e9n, un ambiente social capaz de comprender, aceptar e impulsar dichas medidas.<\/p><p><span style=\"font-size: 15px; font-family: var( --e-global-typography-text-font-family ), Sans-serif;\">Por lo anterior, a nivel internacional, desde mediados del siglo pasado se hace un llamado a todos los actores sociales, para contribuir dentro de sus posibilidades al establecimiento de una cultura para la Sustentabilidad en los ambientes natural, social y econ\u00f3mico. El \u00e1rea educativa es considerada uno de los pilares fundamentales para contribuir a dicha cultura, ya que, en su quehacer diario, generaci\u00f3n de conocimiento y constante interacci\u00f3n con el estudiante, el personal acad\u00e9mico tiene la posibilidad de ir promoviendo una cultura para la Sustentabilidad. Por esto, la Universidad del Altiplano (UDA)\u00a0y el Instituto Independencia se han unido al llamado para contribuir al establecimiento de dicha cultura, un compromiso que se plasma en el Plan de Desarrollo Institucional, Modelo Educativo, Misi\u00f3n, Visi\u00f3n y Filosof\u00eda Institucional.<\/span><\/p><p>A partir de estos lineamientos y como parte fundamental del Plan de Desarrollo Institucional, en el 2008, se instituye el Programa Ambiental (PA), y para dar fuerza al compromiso adquirido en materia de medio ambiente, en el a\u00f1o 2013, la Universidad del Altiplano forma parte del Consorcio Mexicano de Instituciones de Educaci\u00f3n Superior para la Sustentabilidad (COMPLEXUS), organismo que apoya a las Instituciones de Educaci\u00f3n Superior (IES); y en el a\u00f1o 2015, la Universidad hace suyos los principios de la Carta de la Tierra y firma el aval ante el Consejo Internacional y el Punto Focal en M\u00e9xico.<\/p><p>En el a\u00f1o 2014, como resultado de la evaluaci\u00f3n a los proyectos del PA durante el periodo 2008-2013, se concluye que es imperativo transitar hacia un programa integral que incluya nuevas estrategias y permita avanzar hacia la Sustentabilidad, considerando las otras dos dimensiones: Econ\u00f3mica y Social.\u00a0Es as\u00ed que, el PA se reestructura a Programa para la Sustentabilidad (PS).<\/p><p>En julio de 2016 la comunidad educativa, elabora el Dec\u00e1logo para la Sustentabilidad, con la finalidad de tener una declaratoria de principios que funcionara como un horizonte de desarrollo, para el logro del Programa para la Sustentabilidad.<\/p><p>En el a\u00f1o 2017 como parte de las iniciativas de la implementaci\u00f3n de programas sobre sustentabilidad en las IES, se aplica un diagn\u00f3stico por parte de la UDA, un Diagn\u00f3stico sobre acciones ambientales y\/o de sustentabilidad en Instituciones de Educaci\u00f3n Superior del Estado de Tlaxcala.<\/p><p>En el a\u00f1o 2018, como parte de los compromisos de los Objetivos del Desarrollo Sostenible (ODS) de la Agenda 2030, la Universidad se hace presente en Instituciones de Nivel Medio Superior del Estado, Colegio de Bachilleres del Estado de Tlaxcala (COBAT) y Colegio de Estudios Cient\u00edficos y Tecnol\u00f3gicos del Estado (CECyTE), a trav\u00e9s de campa\u00f1as de Sustentabilidad para guiar el trabajo hacia la sustentabilidad econ\u00f3mica y principalmente social al promover la concientizaci\u00f3n de la poblaci\u00f3n estudiantil sobre la construcci\u00f3n social de g\u00e9nero. Asimismo, en el a\u00f1o 2019, se establecen alianzas con instancias privadas orientadas a contrarrestar la degradaci\u00f3n ambiental como <em>Morphoplast<\/em> (empresa dedicada al acopio, recolecci\u00f3n y transformaci\u00f3n del pl\u00e1stico PET en fibras textiles sustentables) y <em>UGA Biocombustibles<\/em> (empresa dedicada a recolecci\u00f3n, transporte, almacenamiento y transformaci\u00f3n de aceite vegetal usado para la producci\u00f3n de biodiesel).<\/p><p>En el a\u00f1o 2021, ante las implicaciones que arroja la pandemia COVID-19, en el Programa para la Sustentabilidad se aplica un proceso de evaluaci\u00f3n y se concluye atender algunos de los Objetivos de Desarrollo Sustentable (ODS). Para ello se proponen los siguientes proyectos:<\/p><ul><li>Identidad Institucional Sustentable (IIS).<\/li><li>Educaci\u00f3n (ED).<\/li><li>Extensi\u00f3n y Vinculaci\u00f3n, estrategias y acciones para la sustentabilidad (EXyV).<\/li><li>Sistema de Gesti\u00f3n Ambiental y Sistema de se\u00f1al\u00e9tica (SGAyS).<\/li><\/ul><p>El Programa para la Sustentabilidad tiene como objetivo: \u201cIncorporar a la comunidad universitaria en los conceptos, contenidos y actividades de la Sustentabilidad, aplicados a la docencia, la investigaci\u00f3n y la extensi\u00f3n que constituyen las actividades sustanciales de toda instituci\u00f3n universitaria\u201d.<\/p>\t\t\t\t\t\t<\/div>\n\t\t\t\t<\/div>\n\t\t\t\t\t<\/div>\n\t\t<\/div>\n\t\t\t\t\t<\/div>\n\t\t<\/section>\n\t\t\t\t<section class=\"elementor-section elementor-top-section elementor-element elementor-element-7e41f33 elementor-section-boxed elementor-section-height-default elementor-section-height-default\" data-id=\"7e41f33\" data-element_type=\"section\">\n\t\t\t\t\t\t<div class=\"elementor-container elementor-column-gap-default\">\n\t\t\t\t\t<div class=\"elementor-column elementor-col-100 elementor-top-column elementor-element elementor-element-43543f4\" data-id=\"43543f4\" data-element_type=\"column\">\n\t\t\t<div class=\"elementor-widget-wrap elementor-element-populated\">\n\t\t\t\t\t\t<div class=\"elementor-element elementor-element-2631e83 elementor-widget elementor-widget-image\" data-id=\"2631e83\" data-element_type=\"widget\" data-widget_type=\"image.default\">\n\t\t\t\t<div class=\"elementor-widget-container\">\n\t\t\t\t\t\t\t\t\t\t\t\t\t<img decoding=\"async\" width=\"800\" height=\"305\" src=\"https:\/\/universidaddelaltiplano.com\/uda\/wp-content\/uploads\/2022\/02\/11-1024x390.png\" class=\"attachment-large size-large wp-image-1176\" alt=\"\" srcset=\"https:\/\/universidaddelaltiplano.com\/uda\/wp-content\/uploads\/2022\/02\/11-1024x390.png 1024w, https:\/\/universidaddelaltiplano.com\/uda\/wp-content\/uploads\/2022\/02\/11-300x114.png 300w, https:\/\/universidaddelaltiplano.com\/uda\/wp-content\/uploads\/2022\/02\/11-768x292.png 768w, https:\/\/universidaddelaltiplano.com\/uda\/wp-content\/uploads\/2022\/02\/11-1536x584.png 1536w, https:\/\/universidaddelaltiplano.com\/uda\/wp-content\/uploads\/2022\/02\/11.png 2003w\" sizes=\"(max-width: 800px) 100vw, 800px\" \/>\t\t\t\t\t\t\t\t\t\t\t\t\t<\/div>\n\t\t\t\t<\/div>\n\t\t\t\t\t<\/div>\n\t\t<\/div>\n\t\t\t\t\t<\/div>\n\t\t<\/section>\n\t\t\t\t<\/div>\n\t\t","protected":false},"excerpt":{"rendered":"<p>Acciones Calendario Sustentable Proyectos Antecedentes La incompatibilidad del sistema econ\u00f3mico tradicional con el equilibrio de los ecosistemas, ha tra\u00eddo graves problemas de degradaci\u00f3n del ambiente natural como contaminaci\u00f3n de aire, suelo y agua, p\u00e9rdida de biodiversidad, deforestaci\u00f3n, entre otros. A esta incompatibilidad, se le suman los problemas sociales que continuamente se van exacerbando como p\u00e9rdida [&hellip;]<\/p>\n","protected":false},"author":1,"featured_media":0,"parent":0,"menu_order":0,"comment_status":"closed","ping_status":"closed","template":"","meta":{"footnotes":""},"_links":{"self":[{"href":"https:\/\/universidaddelaltiplano.com\/uda\/wp-json\/wp\/v2\/pages\/1162"}],"collection":[{"href":"https:\/\/universidaddelaltiplano.com\/uda\/wp-json\/wp\/v2\/pages"}],"about":[{"href":"https:\/\/universidaddelaltiplano.com\/uda\/wp-json\/wp\/v2\/types\/page"}],"author":[{"embeddable":true,"href":"https:\/\/universidaddelaltiplano.com\/uda\/wp-json\/wp\/v2\/users\/1"}],"replies":[{"embeddable":true,"href":"https:\/\/universidaddelaltiplano.com\/uda\/wp-json\/wp\/v2\/comments?post=1162"}],"version-history":[{"count":33,"href":"https:\/\/universidaddelaltiplano.com\/uda\/wp-json\/wp\/v2\/pages\/1162\/revisions"}],"predecessor-version":[{"id":1352,"href":"https:\/\/universidaddelaltiplano.com\/uda\/wp-json\/wp\/v2\/pages\/1162\/revisions\/1352"}],"wp:attachment":[{"href":"https:\/\/universidaddelaltiplano.com\/uda\/wp-json\/wp\/v2\/media?parent=1162"}],"curies":[{"name":"wp","href":"https:\/\/api.w.org\/{rel}","templated":true}]}}