{"id":1200,"date":"2022-02-23T18:10:20","date_gmt":"2022-02-23T18:10:20","guid":{"rendered":"https:\/\/universidaddelaltiplano.com\/uda\/?page_id=1200"},"modified":"2022-02-24T19:23:29","modified_gmt":"2022-02-24T19:23:29","slug":"acciones","status":"publish","type":"page","link":"https:\/\/universidaddelaltiplano.com\/uda\/acciones\/","title":{"rendered":"Acciones"},"content":{"rendered":"\t\t<div data-elementor-type=\"wp-page\" data-elementor-id=\"1200\" class=\"elementor elementor-1200\" data-elementor-post-type=\"page\">\n\t\t\t\t\t\t<section class=\"elementor-section elementor-top-section elementor-element elementor-element-b685fd7 elementor-section-boxed elementor-section-height-default elementor-section-height-default\" data-id=\"b685fd7\" data-element_type=\"section\">\n\t\t\t\t\t\t<div class=\"elementor-container elementor-column-gap-default\">\n\t\t\t\t\t<div class=\"elementor-column elementor-col-100 elementor-top-column elementor-element elementor-element-6d0e1fe\" data-id=\"6d0e1fe\" data-element_type=\"column\">\n\t\t\t<div class=\"elementor-widget-wrap elementor-element-populated\">\n\t\t\t\t\t\t<div class=\"elementor-element elementor-element-4926c92 elementor-widget elementor-widget-image\" data-id=\"4926c92\" data-element_type=\"widget\" data-widget_type=\"image.default\">\n\t\t\t\t<div class=\"elementor-widget-container\">\n\t\t\t\t\t\t\t\t\t\t\t\t\t<img fetchpriority=\"high\" decoding=\"async\" width=\"800\" height=\"183\" src=\"https:\/\/universidaddelaltiplano.com\/uda\/wp-content\/uploads\/2022\/02\/Sustentabilidad-1-1024x234.png\" class=\"attachment-large size-large wp-image-1225\" alt=\"\" srcset=\"https:\/\/universidaddelaltiplano.com\/uda\/wp-content\/uploads\/2022\/02\/Sustentabilidad-1-1024x234.png 1024w, https:\/\/universidaddelaltiplano.com\/uda\/wp-content\/uploads\/2022\/02\/Sustentabilidad-1-300x69.png 300w, https:\/\/universidaddelaltiplano.com\/uda\/wp-content\/uploads\/2022\/02\/Sustentabilidad-1-768x176.png 768w, https:\/\/universidaddelaltiplano.com\/uda\/wp-content\/uploads\/2022\/02\/Sustentabilidad-1-1536x352.png 1536w, https:\/\/universidaddelaltiplano.com\/uda\/wp-content\/uploads\/2022\/02\/Sustentabilidad-1.png 2010w\" sizes=\"(max-width: 800px) 100vw, 800px\" \/>\t\t\t\t\t\t\t\t\t\t\t\t\t<\/div>\n\t\t\t\t<\/div>\n\t\t\t\t\t<\/div>\n\t\t<\/div>\n\t\t\t\t\t<\/div>\n\t\t<\/section>\n\t\t\t\t<section class=\"elementor-section elementor-top-section elementor-element elementor-element-e41f00e elementor-section-boxed elementor-section-height-default elementor-section-height-default\" data-id=\"e41f00e\" data-element_type=\"section\">\n\t\t\t\t\t\t<div class=\"elementor-container elementor-column-gap-default\">\n\t\t\t\t\t<div class=\"elementor-column elementor-col-33 elementor-top-column elementor-element elementor-element-ddca060\" data-id=\"ddca060\" data-element_type=\"column\">\n\t\t\t<div class=\"elementor-widget-wrap elementor-element-populated\">\n\t\t\t\t\t\t<div class=\"elementor-element elementor-element-bfdb5a0 elementor-align-center elementor-widget elementor-widget-button\" data-id=\"bfdb5a0\" data-element_type=\"widget\" data-widget_type=\"button.default\">\n\t\t\t\t<div class=\"elementor-widget-container\">\n\t\t\t\t\t<div class=\"elementor-button-wrapper\">\n\t\t\t<a class=\"elementor-button elementor-button-link elementor-size-sm\" href=\"https:\/\/universidaddelaltiplano.com\/uda\/antecedentes\/\">\n\t\t\t\t\t\t<span class=\"elementor-button-content-wrapper\">\n\t\t\t\t\t\t<span class=\"elementor-button-text\">Antecedentes<\/span>\n\t\t<\/span>\n\t\t\t\t\t<\/a>\n\t\t<\/div>\n\t\t\t\t<\/div>\n\t\t\t\t<\/div>\n\t\t\t\t\t<\/div>\n\t\t<\/div>\n\t\t\t\t<div class=\"elementor-column elementor-col-33 elementor-top-column elementor-element elementor-element-9ea27b9\" data-id=\"9ea27b9\" data-element_type=\"column\">\n\t\t\t<div class=\"elementor-widget-wrap elementor-element-populated\">\n\t\t\t\t\t\t<div class=\"elementor-element elementor-element-7b576d4 elementor-align-center elementor-widget elementor-widget-button\" data-id=\"7b576d4\" data-element_type=\"widget\" data-widget_type=\"button.default\">\n\t\t\t\t<div class=\"elementor-widget-container\">\n\t\t\t\t\t<div class=\"elementor-button-wrapper\">\n\t\t\t<a class=\"elementor-button elementor-button-link elementor-size-sm\" href=\"https:\/\/universidaddelaltiplano.com\/uda\/calendario-sustentable\/\">\n\t\t\t\t\t\t<span class=\"elementor-button-content-wrapper\">\n\t\t\t\t\t\t<span class=\"elementor-button-text\">Calendario Sustentable<\/span>\n\t\t<\/span>\n\t\t\t\t\t<\/a>\n\t\t<\/div>\n\t\t\t\t<\/div>\n\t\t\t\t<\/div>\n\t\t\t\t\t<\/div>\n\t\t<\/div>\n\t\t\t\t<div class=\"elementor-column elementor-col-33 elementor-top-column elementor-element elementor-element-0a2dc2f\" data-id=\"0a2dc2f\" data-element_type=\"column\">\n\t\t\t<div class=\"elementor-widget-wrap elementor-element-populated\">\n\t\t\t\t\t\t<div class=\"elementor-element elementor-element-5f969be elementor-align-center elementor-widget elementor-widget-button\" data-id=\"5f969be\" data-element_type=\"widget\" data-widget_type=\"button.default\">\n\t\t\t\t<div class=\"elementor-widget-container\">\n\t\t\t\t\t<div class=\"elementor-button-wrapper\">\n\t\t\t<a class=\"elementor-button elementor-button-link elementor-size-sm\" href=\"https:\/\/universidaddelaltiplano.com\/uda\/proyectos\/\">\n\t\t\t\t\t\t<span class=\"elementor-button-content-wrapper\">\n\t\t\t\t\t\t<span class=\"elementor-button-text\">Proyectos<\/span>\n\t\t<\/span>\n\t\t\t\t\t<\/a>\n\t\t<\/div>\n\t\t\t\t<\/div>\n\t\t\t\t<\/div>\n\t\t\t\t\t<\/div>\n\t\t<\/div>\n\t\t\t\t\t<\/div>\n\t\t<\/section>\n\t\t\t\t<section class=\"elementor-section elementor-top-section elementor-element elementor-element-57725b0 elementor-section-boxed elementor-section-height-default elementor-section-height-default\" data-id=\"57725b0\" data-element_type=\"section\">\n\t\t\t\t\t\t<div class=\"elementor-container elementor-column-gap-default\">\n\t\t\t\t\t<div class=\"elementor-column elementor-col-100 elementor-top-column elementor-element elementor-element-5dc011c\" data-id=\"5dc011c\" data-element_type=\"column\">\n\t\t\t<div class=\"elementor-widget-wrap elementor-element-populated\">\n\t\t\t\t\t\t<div class=\"elementor-element elementor-element-0bce280 elementor-widget elementor-widget-heading\" data-id=\"0bce280\" data-element_type=\"widget\" data-widget_type=\"heading.default\">\n\t\t\t\t<div class=\"elementor-widget-container\">\n\t\t\t<h2 class=\"elementor-heading-title elementor-size-default\">Acciones<\/h2>\t\t<\/div>\n\t\t\t\t<\/div>\n\t\t\t\t\t<\/div>\n\t\t<\/div>\n\t\t\t\t\t<\/div>\n\t\t<\/section>\n\t\t\t\t<section class=\"elementor-section elementor-top-section elementor-element elementor-element-d35e150 elementor-section-boxed elementor-section-height-default elementor-section-height-default\" data-id=\"d35e150\" data-element_type=\"section\">\n\t\t\t\t\t\t<div class=\"elementor-container elementor-column-gap-default\">\n\t\t\t\t\t<div class=\"elementor-column elementor-col-100 elementor-top-column elementor-element elementor-element-87102eb\" data-id=\"87102eb\" data-element_type=\"column\">\n\t\t\t<div class=\"elementor-widget-wrap elementor-element-populated\">\n\t\t\t\t\t\t<div class=\"elementor-element elementor-element-0b61c0b elementor-widget elementor-widget-text-editor\" data-id=\"0b61c0b\" data-element_type=\"widget\" data-widget_type=\"text-editor.default\">\n\t\t\t\t<div class=\"elementor-widget-container\">\n\t\t\t\t\t\t\t<p><span style=\"color: #000080;\">De las acciones que la Universidad del Altiplano y el Instituto Independencia han implementado para atender su compromiso con el establecimiento de una cultura para la Sustentabilidad, podemos mencionar las siguientes:<\/span><\/p><ul><li><span style=\"color: #000080;\">Desarrollo del Dec\u00e1logo para la Sustentabilidad de la Instituci\u00f3n.<\/span><\/li><li><span style=\"color: #000080;\">Plan de acci\u00f3n para el desarrollo sustentable mediante la implementaci\u00f3n de la transversalidad curricular en las licenciaturas de la Universidad.\u00a0<\/span><\/li><li><span style=\"color: #000080;\">Formaci\u00f3n del Comit\u00e9 para la Sustentabilidad (CUDAS).<\/span><\/li><li><span style=\"color: #000080;\">Sistema permanente de separaci\u00f3n y acopio de residuos s\u00f3lidos urbanos y electr\u00f3nicos, as\u00ed como acopio de aceite vegetal usado.<\/span><\/li><li><span style=\"color: #000080;\">Captaci\u00f3n y aprovechamiento de energ\u00eda solar.<\/span><\/li><li><span style=\"color: #000080;\">Establecimiento y fortalecimiento de alianzas con instancias p\u00fablicas, privadas y sociales que desarrollan actividades orientadas hacia la sustentabilidad y con perspectiva de g\u00e9nero.<\/span><\/li><li><span style=\"color: #000080;\">Creaci\u00f3n de espacios para la formaci\u00f3n y la actualizaci\u00f3n docente en materia de educaci\u00f3n ambiental para la Sustentabilidad.<\/span><\/li><li><span style=\"color: #000080;\">Capacitaci\u00f3n de alumnos, docentes y personal administrativo para el consumo responsable de recursos: agua, energ\u00eda, papel, separaci\u00f3n de basura y mantenimiento de \u00e1reas verdes.<\/span><\/li><li><span style=\"color: #000080;\">Generaci\u00f3n de mecanismos de colaboraci\u00f3n interinstitucional para el intercambio de experiencias, herramientas, producci\u00f3n de publicaciones y espacios de divulgaci\u00f3n en materia de Sustentabilidad.<\/span><\/li><li><span style=\"color: #000080;\">Educaci\u00f3n ambiental en el \u00e1mbito familiar, escolar y comunitario por parte del Instituto Independencia.<\/span><\/li><li><span style=\"color: #000080;\">Difusi\u00f3n de proyectos relacionados con la ciencia y la tecnolog\u00eda por parte de los estudiantes del Instituto Independencia.<\/span><\/li><\/ul><p><span style=\"color: #000080;\">Establecimiento de un jard\u00edn bot\u00e1nico formado por el \u00e1rea ecol\u00f3gica y un huerto Institucional.<\/span><\/p>\t\t\t\t\t\t<\/div>\n\t\t\t\t<\/div>\n\t\t\t\t\t<\/div>\n\t\t<\/div>\n\t\t\t\t\t<\/div>\n\t\t<\/section>\n\t\t\t\t<section class=\"elementor-section elementor-top-section elementor-element elementor-element-137fceb elementor-section-boxed elementor-section-height-default elementor-section-height-default\" data-id=\"137fceb\" data-element_type=\"section\">\n\t\t\t\t\t\t<div class=\"elementor-container elementor-column-gap-default\">\n\t\t\t\t\t<div class=\"elementor-column elementor-col-100 elementor-top-column elementor-element elementor-element-df35182\" data-id=\"df35182\" data-element_type=\"column\">\n\t\t\t<div class=\"elementor-widget-wrap elementor-element-populated\">\n\t\t\t\t\t\t<div class=\"elementor-element elementor-element-58a5992 elementor-skin-carousel elementor-arrows-yes elementor-pagination-type-bullets elementor-pagination-position-outside elementor-widget elementor-widget-media-carousel\" data-id=\"58a5992\" data-element_type=\"widget\" data-settings=\"{&quot;skin&quot;:&quot;carousel&quot;,&quot;effect&quot;:&quot;slide&quot;,&quot;show_arrows&quot;:&quot;yes&quot;,&quot;pagination&quot;:&quot;bullets&quot;,&quot;speed&quot;:500,&quot;autoplay&quot;:&quot;yes&quot;,&quot;autoplay_speed&quot;:5000,&quot;loop&quot;:&quot;yes&quot;,&quot;pause_on_hover&quot;:&quot;yes&quot;,&quot;pause_on_interaction&quot;:&quot;yes&quot;,&quot;space_between&quot;:{&quot;unit&quot;:&quot;px&quot;,&quot;size&quot;:10,&quot;sizes&quot;:[]},&quot;space_between_tablet&quot;:{&quot;unit&quot;:&quot;px&quot;,&quot;size&quot;:10,&quot;sizes&quot;:[]},&quot;space_between_mobile&quot;:{&quot;unit&quot;:&quot;px&quot;,&quot;size&quot;:10,&quot;sizes&quot;:[]}}\" data-widget_type=\"media-carousel.default\">\n\t\t\t\t<div class=\"elementor-widget-container\">\n\t\t\t\t\t<div class=\"elementor-swiper\">\n\t\t\t<div class=\"elementor-main-swiper swiper\">\n\t\t\t\t<div class=\"swiper-wrapper\">\n\t\t\t\t\t\t\t\t\t\t\t<div class=\"swiper-slide\">\n\t\t\t\t\t\t\t\t\t<div class=\"elementor-carousel-image\" role=\"img\" aria-label=\"RGM_9\" style=\"background-image: url(&#039;https:\/\/universidaddelaltiplano.com\/uda\/wp-content\/uploads\/2022\/02\/RGM_9-scaled.jpg&#039;)\">\n\n\t\t\t\n\t\t\t\t\t<\/div>\n\t\t\t\t\t\t\t\t<\/div>\n\t\t\t\t\t\t\t\t\t\t\t<div class=\"swiper-slide\">\n\t\t\t\t\t\t\t\t\t<div class=\"elementor-carousel-image\" role=\"img\" aria-label=\"RGM_4\" style=\"background-image: url(&#039;https:\/\/universidaddelaltiplano.com\/uda\/wp-content\/uploads\/2022\/02\/RGM_4-scaled.jpg&#039;)\">\n\n\t\t\t\n\t\t\t\t\t<\/div>\n\t\t\t\t\t\t\t\t<\/div>\n\t\t\t\t\t\t\t\t\t\t\t<div class=\"swiper-slide\">\n\t\t\t\t\t\t\t\t\t<div class=\"elementor-carousel-image\" role=\"img\" aria-label=\"RGM_24\" style=\"background-image: url(&#039;https:\/\/universidaddelaltiplano.com\/uda\/wp-content\/uploads\/2022\/02\/RGM_24-scaled.jpg&#039;)\">\n\n\t\t\t\n\t\t\t\t\t<\/div>\n\t\t\t\t\t\t\t\t<\/div>\n\t\t\t\t\t\t\t\t\t\t\t<div class=\"swiper-slide\">\n\t\t\t\t\t\t\t\t\t<div class=\"elementor-carousel-image\" role=\"img\" aria-label=\"RGM_12\" style=\"background-image: url(&#039;https:\/\/universidaddelaltiplano.com\/uda\/wp-content\/uploads\/2022\/02\/RGM_12-scaled.jpg&#039;)\">\n\n\t\t\t\n\t\t\t\t\t<\/div>\n\t\t\t\t\t\t\t\t<\/div>\n\t\t\t\t\t\t\t\t\t\t\t<div class=\"swiper-slide\">\n\t\t\t\t\t\t\t\t\t<div class=\"elementor-carousel-image\" role=\"img\" aria-label=\"RGM_50\" style=\"background-image: url(&#039;https:\/\/universidaddelaltiplano.com\/uda\/wp-content\/uploads\/2022\/02\/RGM_50-scaled.jpg&#039;)\">\n\n\t\t\t\n\t\t\t\t\t<\/div>\n\t\t\t\t\t\t\t\t<\/div>\n\t\t\t\t\t\t\t\t\t<\/div>\n\t\t\t\t\t\t\t\t\t\t\t\t\t\t\t<div class=\"swiper-pagination\"><\/div>\n\t\t\t\t\t\t\t\t\t\t\t\t\t\t\t\t<div class=\"elementor-swiper-button elementor-swiper-button-prev\" role=\"button\" tabindex=\"0\">\n\t\t\t\t\t\t\t<i aria-hidden=\"true\" class=\"eicon-chevron-left\"><\/i>\t\t\t\t\t\t\t<span class=\"elementor-screen-only\">Previous<\/span>\n\t\t\t\t\t\t<\/div>\n\t\t\t\t\t\t<div class=\"elementor-swiper-button elementor-swiper-button-next\" role=\"button\" tabindex=\"0\">\n\t\t\t\t\t\t\t<i aria-hidden=\"true\" class=\"eicon-chevron-right\"><\/i>\t\t\t\t\t\t\t<span class=\"elementor-screen-only\">Next<\/span>\n\t\t\t\t\t\t<\/div>\n\t\t\t\t\t\t\t\t\t\t\t\t<\/div>\n\t\t<\/div>\n\t\t\t\t<\/div>\n\t\t\t\t<\/div>\n\t\t\t\t\t<\/div>\n\t\t<\/div>\n\t\t\t\t\t<\/div>\n\t\t<\/section>\n\t\t\t\t<section class=\"elementor-section elementor-top-section elementor-element elementor-element-8bbf1fb elementor-section-boxed elementor-section-height-default elementor-section-height-default\" data-id=\"8bbf1fb\" data-element_type=\"section\">\n\t\t\t\t\t\t<div class=\"elementor-container elementor-column-gap-default\">\n\t\t\t\t\t<div class=\"elementor-column elementor-col-100 elementor-top-column elementor-element elementor-element-2ff60f0\" data-id=\"2ff60f0\" data-element_type=\"column\">\n\t\t\t<div class=\"elementor-widget-wrap elementor-element-populated\">\n\t\t\t\t\t\t<div class=\"elementor-element elementor-element-7c9313b elementor-widget elementor-widget-image\" data-id=\"7c9313b\" data-element_type=\"widget\" data-widget_type=\"image.default\">\n\t\t\t\t<div class=\"elementor-widget-container\">\n\t\t\t\t\t\t\t\t\t\t\t\t\t<img decoding=\"async\" width=\"800\" height=\"305\" src=\"https:\/\/universidaddelaltiplano.com\/uda\/wp-content\/uploads\/2022\/02\/11-1024x390.png\" class=\"attachment-large size-large wp-image-1176\" alt=\"\" srcset=\"https:\/\/universidaddelaltiplano.com\/uda\/wp-content\/uploads\/2022\/02\/11-1024x390.png 1024w, https:\/\/universidaddelaltiplano.com\/uda\/wp-content\/uploads\/2022\/02\/11-300x114.png 300w, https:\/\/universidaddelaltiplano.com\/uda\/wp-content\/uploads\/2022\/02\/11-768x292.png 768w, https:\/\/universidaddelaltiplano.com\/uda\/wp-content\/uploads\/2022\/02\/11-1536x584.png 1536w, https:\/\/universidaddelaltiplano.com\/uda\/wp-content\/uploads\/2022\/02\/11.png 2003w\" sizes=\"(max-width: 800px) 100vw, 800px\" \/>\t\t\t\t\t\t\t\t\t\t\t\t\t<\/div>\n\t\t\t\t<\/div>\n\t\t\t\t\t<\/div>\n\t\t<\/div>\n\t\t\t\t\t<\/div>\n\t\t<\/section>\n\t\t\t\t<\/div>\n\t\t","protected":false},"excerpt":{"rendered":"<p>Antecedentes Calendario Sustentable Proyectos Acciones De las acciones que la Universidad del Altiplano y el Instituto Independencia han implementado para atender su compromiso con el establecimiento de una cultura para la Sustentabilidad, podemos mencionar las siguientes: Desarrollo del Dec\u00e1logo para la Sustentabilidad de la Instituci\u00f3n. Plan de acci\u00f3n para el desarrollo sustentable mediante la implementaci\u00f3n [&hellip;]<\/p>\n","protected":false},"author":1,"featured_media":0,"parent":0,"menu_order":0,"comment_status":"closed","ping_status":"closed","template":"","meta":{"footnotes":""},"_links":{"self":[{"href":"https:\/\/universidaddelaltiplano.com\/uda\/wp-json\/wp\/v2\/pages\/1200"}],"collection":[{"href":"https:\/\/universidaddelaltiplano.com\/uda\/wp-json\/wp\/v2\/pages"}],"about":[{"href":"https:\/\/universidaddelaltiplano.com\/uda\/wp-json\/wp\/v2\/types\/page"}],"author":[{"embeddable":true,"href":"https:\/\/universidaddelaltiplano.com\/uda\/wp-json\/wp\/v2\/users\/1"}],"replies":[{"embeddable":true,"href":"https:\/\/universidaddelaltiplano.com\/uda\/wp-json\/wp\/v2\/comments?post=1200"}],"version-history":[{"count":13,"href":"https:\/\/universidaddelaltiplano.com\/uda\/wp-json\/wp\/v2\/pages\/1200\/revisions"}],"predecessor-version":[{"id":1343,"href":"https:\/\/universidaddelaltiplano.com\/uda\/wp-json\/wp\/v2\/pages\/1200\/revisions\/1343"}],"wp:attachment":[{"href":"https:\/\/universidaddelaltiplano.com\/uda\/wp-json\/wp\/v2\/media?parent=1200"}],"curies":[{"name":"wp","href":"https:\/\/api.w.org\/{rel}","templated":true}]}}